{"id":4245,"date":"2024-02-12T16:24:27","date_gmt":"2024-02-12T15:24:27","guid":{"rendered":"https:\/\/www.kupela.fr\/?page_id=4245"},"modified":"2026-02-18T10:35:18","modified_gmt":"2026-02-18T09:35:18","slug":"sagardotegia","status":"publish","type":"page","link":"https:\/\/www.kupela.fr\/es\/sagardotegia\/","title":{"rendered":"Kupela Sagardotegia"},"content":{"rendered":"<p>[rl_gallery id=\u00bb4611&#8243;][rl_gallery id=\u00bb4611&#8243;][rl_gallery id=\u00bb4611&#8243;]<\/p>\n","protected":false},"excerpt":{"rendered":"<p>[rl_gallery id=\u00bb4611&#8243;][rl_gallery id=\u00bb4611&#8243;][rl_gallery id=\u00bb4611&#8243;]<\/p>\n","protected":false},"author":2,"featured_media":4464,"parent":0,"menu_order":0,"comment_status":"closed","ping_status":"closed","template":"page-sagardotegia.php","meta":{"_acf_changed":false,"_seopress_robots_primary_cat":"","_seopress_titles_title":"Cidrerie basque \u00e0 Bayonne | Kupela Sagardotegia","_seopress_titles_desc":"D\u00e9couvrez la cidrerie Kupela \u00e0 Bayonne, situ\u00e9e sur les quais de l\u2019Adour. Exp\u00e9rimentez le Txotx et savourez des menus traditionnels basques dans un cadre unique.","_seopress_robots_index":"","footnotes":""},"class_list":["post-4245","page","type-page","status-publish","has-post-thumbnail","hentry"],"acf":[],"jetpack_sharing_enabled":true,"_links":{"self":[{"href":"https:\/\/www.kupela.fr\/es\/wp-json\/wp\/v2\/pages\/4245","targetHints":{"allow":["GET"]}}],"collection":[{"href":"https:\/\/www.kupela.fr\/es\/wp-json\/wp\/v2\/pages"}],"about":[{"href":"https:\/\/www.kupela.fr\/es\/wp-json\/wp\/v2\/types\/page"}],"author":[{"embeddable":true,"href":"https:\/\/www.kupela.fr\/es\/wp-json\/wp\/v2\/users\/2"}],"replies":[{"embeddable":true,"href":"https:\/\/www.kupela.fr\/es\/wp-json\/wp\/v2\/comments?post=4245"}],"version-history":[{"count":295,"href":"https:\/\/www.kupela.fr\/es\/wp-json\/wp\/v2\/pages\/4245\/revisions"}],"predecessor-version":[{"id":4912,"href":"https:\/\/www.kupela.fr\/es\/wp-json\/wp\/v2\/pages\/4245\/revisions\/4912"}],"wp:featuredmedia":[{"embeddable":true,"href":"https:\/\/www.kupela.fr\/es\/wp-json\/wp\/v2\/media\/4464"}],"wp:attachment":[{"href":"https:\/\/www.kupela.fr\/es\/wp-json\/wp\/v2\/media?parent=4245"}],"curies":[{"name":"wp","href":"https:\/\/api.w.org\/{rel}","templated":true}]}}

Cidrerie basque à Bayonne | Kupela Sagardotegia

Découvrez la cidrerie Kupela à Bayonne, située sur les quais de l’Adour. Expérimentez le Txotx et savourez des menus traditionnels basques dans un cadre unique.
